actor of 888?
False
Is 29 a factor of 9454?
True
Is 28 a factor of 65436?
True
Is 1770 a multiple of 26?
False
Is 13110 a multiple of 115?
True
Is 807 a multiple of 3?
True
Is 33264 a multiple of 54?
True
Is 10500 a multiple of 20?
True
Is 200 a factor of 12925?
False
Is 11 a factor of 1472?
False
Is 1674 a multiple of 27?
True
Is 26340 a multiple of 5?
True
Is 16 a factor of 552?
False
Is 13 a factor of 2149?
False
Is 10431 a multiple of 9?
True
Is 42 a factor of 2268?
True
Is 416 a multiple of 32?
True
Is 610 a multiple of 11?
False
Is 2275 a multiple of 55?
False
Does 12 divide 372?
True
Is 1047 a multiple of 72?
False
Is 20 a factor of 420?
True
Is 5 a factor of 8412?
False
Does 10 divide 890?
True
Does 23 divide 69?
True
Does 8 divide 2974?
False
Does 81 divide 5972?
False
Is 23 a factor of 3795?
True
Is 8 a factor of 2365?
False
Is 312 a multiple of 6?
True
Does 19 divide 2090?
True
Is 45 a factor of 17067?
False
Is 16640 a multiple of 64?
True
Does 10 divide 228?
False
Does 26 divide 32162?
True
Is 924 a multiple of 33?
True
Is 26533 a multiple of 169?
True
Does 18 divide 402?
False
Is 93 even?
False
Is 239 a factor of 10277?
True
Is 16479 a multiple of 5?
False
Is 286 a multiple of 7?
False
Is 2400 a multiple of 32?
True
Does 31 divide 13016?
False
Is 14294 a multiple of 7?
True
Does 17 divide 25836?
False
Is 3656 a multiple of 63?
False
Does 35 divide 193?
False
Is 388 a multiple of 3?
False
Is 2747 a multiple of 41?
True
Is 17 a factor of 340?
True
Is 1584 a multiple of 2?
True
Is 32 a factor of 384?
True
Is 5 a factor of 15285?
True
Is 3 a factor of 1398?
True
Does 9 divide 97?
False
Is 58 a factor of 2821?
False
Is 3882 a multiple of 5?
False
Is 42 a factor of 630?
True
Does 10 divide 13230?
True
Is 1991 a multiple of 11?
True
Is 19 a factor of 746?
False
Does 33 divide 495?
True
Is 42532 a multiple of 28?
True
Does 13 divide 3006?
False
Does 9 divide 36?
True
Is 5 a factor of 22105?
True
Is 2014 a multiple of 48?
False
Is 7 a factor of 343?
True
Is 1517 a multiple of 66?
False
Is 7 a factor of 1235?
False
Is 21 a factor of 41475?
True
Is 52 a multiple of 13?
True
Does 68 divide 4352?
True
Does 25 divide 4707?
False
Is 27 a factor of 393?
False
Is 172 even?
True
Is 3 a factor of 204?
True
Is 46 a factor of 652?
False
Does 13 divide 910?
True
Is 338 a multiple of 26?
True
Is 3 a multiple of 3?
True
Is 14 a factor of 1806?
True
Is 75 a factor of 1650?
True
Is 189 a factor of 4638?
False
Is 28 a factor of 728?
True
Is 6286 a multiple of 43?
False
Does 46 divide 6854?
True
Is 127856 a multiple of 244?
True
Does 18 divide 118872?
True
Does 26 divide 4056?
True
Is 9 a factor of 608?
False
Is 532 even?
True
Is 6 a factor of 234?
True
Is 54 a factor of 54?
True
Does 121 divide 20086?
True
Is 55 a factor of 4235?
True
Is 75 a factor of 6646?
False
Does 13 divide 57673?
False
Is 21 a factor of 429?
False
Does 10 divide 30125?
False
Is 51570 a multiple of 30?
True
Does 96 divide 1536?
True
Is 65 a factor of 52325?
True
Is 16 a factor of 32604?
False
Does 81 divide 2374?
False
Is 30502 a multiple of 327?
False
Is 1870 a multiple of 11?
True
Does 143 divide 5262?
False
Does 17 divide 329?
False
Does 9 divide 1377?
True
Does 43 divide 886?
False
Does 25 divide 58300?
True
Is 22534 a multiple of 234?
False
Is 7 a factor of 4102?
True
Does 51 divide 1158?
False
Is 6149 a multiple of 43?
True
Is 765 a multiple of 9?
True
Is 30 a factor of 6570?
True
Does 23 divide 2827?
False
Does 43 divide 6192?
True
Is 3147 a multiple of 51?
False
Is 18 a factor of 10050?
False
Is 23 a factor of 296?
False
Is 2172 a multiple of 12?
True
Is 51 a factor of 17595?
True
Is 9503 a multiple of 17?
True
Is 10 a factor of 620?
True
Is 392 a multiple of 5?
False
Is 6825 a multiple of 157?
False
Does 12 divide 425?
False
Is 4398 a multiple of 151?
False
Does 40 divide 355?
False
Is 756 a multiple of 66?
False
Is 33 a factor of 891?
True
Does 40 divide 3655?
False
Is 36 a factor of 537?
False
Does 45 divide 7830?
True
Does 62 divide 67208?
True
Is 4902 a multiple of 45?
False
Does 85 divide 1190?
True
Does 21 divide 840?
True
Is 11231 a multiple of 21?
False
Is 18 a factor of 79830?
True
Does 13 divide 7969?
True
Does 9 divide 1944?
True
Is 4032 a multiple of 96?
True
Is 3 a factor of 2756?
False
Does 84 divide 1512?
True
Is 48248 a multiple of 37?
True
Does 13 divide 971?
False
Does 4 divide 1484?
True
Is 63 a factor of 504?
True
Is 22 a factor of 5225?
False
Does 25 divide 269?
False
Is 3 a factor of 45?
True
Is 7656 a multiple of 87?
True
Is 33959 a multiple of 240?
False
Is 6 a factor of 1140?
True
Does 50 divide 1700?
True
Is 31284 a multiple of 6?
True
Does 13 divide 286?
True
Is 10928 a multiple of 16?
True
Is 467 a multiple of 7?
False
Is 1737 a multiple of 3?
True
Does 54 divide 172?
False
Is 19 a factor of 13389?
False
Is 24058 a multiple of 46?
True
Does 3 divide 41?
False
Is 11823 a multiple of 62?
False
Is 554 a multiple of 5?
False
Does 50 divide 8180?
False
Is 10 a factor of 6550?
True
Does 14 divide 322?
True
Is 34 a factor of 510?
True
Is 266 even?
True
Does 61 divide 16653?
True
Does 5 divide 252?
False
Is 35399 a multiple of 13?
True
Is 5016 a multiple of 9?
False
Does 6 divide 1588?
False
Is 5793 a multiple of 127?
False
Is 3724 a multiple of 68?
False
Is 378 a multiple of 21?
True
Is 4948 a multiple of 11?
False
Is 121 a factor of 52630?
False
Does 11 divide 61732?
True
Is 1080 a multiple of 72?
True
Is 17 a factor of 2480?
False
Does 9 divide 51057?
True
Is 35 a factor of 516?
False
Does 15 divide 1921?
False
Is 11 a factor of 819?
False
Is 7 a factor of 252?
True
Does 4 divide 9608?
True
Is 65 a factor of 6825?
True
Is 8 a factor of 1392?
True
Is 465 a multiple of 15?
True
Does 12 divide 111?
False
Is 64448 a multiple of 12?
False
Does 9 divide 8451?
True
Is 42912 a multiple of 144?
True
Is 708 a multiple of 12?
True
Does 31 divide 2790?
True
Is 116 a factor of 2488?
False
Is 15 a factor of 2900?
False
Is 7 a factor of 3395?
True
Is 435 a multiple of 13?
False
Is 2250 a multiple of 75?
True
Is 21 a factor of 1596?
True
Is 574 a multiple of 12?
False
Does 3 divide 1034?
False
Does 66 divide 699?
False
Is 33 a factor of 2103?
False
Does 24 divide 168?
True
Is 35779 a multiple of 14?
False
Is 166 a factor of 39279?
False
Does 20 divide 475?
False
Is 1972 a multiple of 17?
True
Is 41996 a multiple of 49?
False
Is 2531 a multiple of 28?
False
Is 102694 a multiple of 18?
False
Is 17 a factor of 1156?
True
Does 66 divide 19857?
False
Is 384 a multiple of 6?
True
Does 32 divide 3404?
False
Is 30 a factor of 300?
True
Does 5 divide 970?
True
Is 7265 a multiple of 47?
False
Is 16 a factor of 2129?
False
Is 763 a multiple of 27?
False
Does 11 divide 286?
True
Is 60 a factor of 62311?
False
Is 19 a factor of 1121?
True
Is 3 a factor of 1560?
True
Is 37 a factor of 11269?
False
Is 979 a multiple of 6?
False
Is 472 a multiple of 8?
True
Does 9 divide 25632?
True
Is 32 a factor of 31072?
True
Does 23 divide 2783?
True
Is 50 a factor of 2000?
True
Is 75 a factor of 21280?
False
Is 5 a factor of 145?
True
Is 8452 a multiple of 26?
False
Does 136 divide 25432?
True
Does 4 divide 782?
False
Is 14131 a multiple of 13?
True
Is 208 a multiple of 8?
True
Is 4 a factor of 4056?
True
Does 104 divide 1560?
True
Is 72 a factor of 18432?
True
Does 21 divide 588?
True
Does 53 divide 1431?
True
Does 10 divide 291?
False
Does 43 divide 559?
True
Is 4 a factor of 414?
False
Does 100 divide 11100?
True
Is 75021 a multiple of 17?
True
Is 46 a factor of 276?
True
Is 2915 a multiple of 53?
True
Does 14 divide 7966?
True
Is 11742 a multiple of 6?
True
Is 6 a factor of 462?
True
Does 22 divide 2728?
True
Is 15 a factor of 154?
False
Does 5 divide 60?
True
Is 4419 a multiple of 86?
False
Is 1569 a multiple of 5?
False
Does 84 divide 25439?
False
Does 124 divide 16747?
False
Does 9 divide 2178?
True
Is 9809 a multiple of 17?
True
Is 22572 a multiple of 132?
True
Is 2592 a multiple of 18?
True
Is 64 a factor of 17088?
True
Is 5 a factor of 865?
True
Does 31 divide 3792?
False
Does 4 divide 188?
True
Is 161 a multiple of 9?
False
Is 2651 a multiple of 4?
False
Is 13734 a multiple of 9?
True
Is 33 a factor of 1221?
True
Is 4 a factor of 1290?
False
Is 6 a factor of 90?
True
Is 62 a factor